 greatest common factor of 85 and y?
17
Let h = -86 - -218. Let d = 212 - 179. What is the greatest common divisor of d and h?
33
Let b = 2 - -29. Suppose 0 = -p - 4*x + b, -2*x - 32 = -4*p + 2*p. What is the highest common factor of 57 and p?
19
Let v = -302 - -302. Suppose n + 2*s - 6*s - 162 = v, 0 = n + 5*s - 207. Calculate the highest common factor of 56 and n.
14
Suppose -2*d + 2552 = -i, 6*d - 4*i = 9*d - 3850. What is the highest common factor of d and 355?
71
Let d = 3388 - 700. What is the highest common divisor of d and 84?
84
Suppose -1033 = 3*t - 5*x, -3*t + 2*x - 844 - 174 = 0. Let r be (-1 - (-6)/8) + (-3780)/t. What is the highest common divisor of 121 and r?
11
Let p = 1818 - 639. Calculate the greatest common divisor of p and 655.
131
Let x = -10 + 13. Suppose -265 + 277 = -2*t. Let r be (1 - (-9)/t)/(x/(-66)). Calculate the greatest common divisor of r and 143.
11
Suppose g + 3*b = 23, -4*g + 8*b + 122 = 5*b. Suppose -4*u = -5*c + 3*c - 340, 4*u = c + 344. What is the highest common divisor of u and g?
29
Suppose -2*y + 36 = u + u, -u - 5*y = -26. Let j be 32*(1827/18)/29. What is the highest common factor of j and u?
16
Let c be 3/5 + (162186/75)/(6/30). Calculate the greatest common divisor of 11 and c.
11
Suppose -11711 + 4046 = -4*y - 3*z, 0 = -4*y - 2*z + 7670. What is the greatest common factor of 1080 and y?
120
Let f(n) = n**2 + 25*n - 1934. Let x be f(65). What is the highest common divisor of 88 and x?
44
Let s = -16297 - -16479. Calculate the greatest common factor of 938 and s.
14
Let p(a) = -a**3 + 73*a**2 - 141*a + 181. Let w be p(71). What is the highest common divisor of w and 77?
7
Suppose -2*u = 4*d - 312, 56*d - 59*d + 239 = -u. Calculate the greatest common divisor of d and 553.
79
Suppose -5*s + 57 = y, -97 = -4*y + 5*s + 206. Suppose -y = 6*w - 9*w. What is the highest common factor of 24 and w?
24
Let l(z) = -z**2 + 371*z - 5609. Let j be l(16). What is the greatest common factor of j and 21797?
71
Let w be ((-2)/4)/(((-99)/(-2538))/(-11)). Calculate the greatest common divisor of w and 24.
3
Suppose -12*x - 228 = -936. Calculate the highest common factor of x and 3481.
59
Suppose -v + 8 = 0, -3*k - 1529 = -6*k - v. What is the highest common factor of k and 8957?
169
Let i(q) = -112*q**3 - 34*q**2 - 99*q + 8. Let f be i(-4). Calculate the greatest common factor of 56 and f.
28
Let i = 6247 + -6217. What is the greatest common factor of 860 and i?
10
Let a be ((-68)/(-34))/(-1 + 250/246). Suppose -9*p - a + 249 = 0. Calculate the greatest common factor of 126 and p.
14
Let a(s) = -24*s + 115. Let r be a(5). Let z(q) = -3*q**3 - 5*q**2 - 7*q + 2. Let b be z(r). Calculate the greatest common divisor of 205 and b.
41
Let x = -639 - -633. Let w be (-9)/((-243)/(-36)) + (-284)/x. What is the greatest common factor of 299 and w?
23
Suppose -8*g = 6962 - 17234. Suppose -79*t + g = -75*t. Let w = 541 - t. What is the highest common divisor of w and 20?
20
Suppose -14*m - 301 = -665. Let k be -520*(3 - (2 - -2)). Calculate the greatest common factor of k and m.
26
Suppose 0 = -0*l - 4*l - 188. Let k = l - -142. Let z = 28 + -9. Calculate the highest common divisor of z and k.
19
Suppose 90*h - 412447 - 1011353 = 0. Calculate the highest common divisor of 140 and h.
140
Suppose -52268 - 79301 = -53*l + 114351. Calculate the greatest common factor of 32 and l.
32
Let l(i) = -41*i. Let f be l(-1). Let z = 22030 - 21989. What is the greatest common divisor of z and f?
41
Let k(p) = p + 25. Let g be k(-11). Let m be 18840/210 - (-4)/g. Let h = 27 - 12. Calculate the greatest common factor of h and m.
15
Let p be (-3 - (-2 + 1))*(-15 - -16). Let i be (-5 - 3)/p + -25. Let f be (-450)/(-7) - (-6)/i. Calculate the highest common factor of 8 and f.
8
Suppose 0 = -5*h - 2*q + 1676, -5*h + 1729 - 56 = q. Suppose -h = -3*k + 2. Calculate the greatest common divisor of 63 and k.
7
Suppose 0 = 4*l + 16, 0 = 2*p - 54*l + 50*l - 764. Calculate the highest common divisor of 440 and p.
22
Let x be (4 + 0)/((-16)/(-5224)). Suppose 6*q = -x + 3928. Suppose -5*f + 4*s + q = 0, -3*s = -4*f - f + 434. What is the greatest common divisor of f and 17?
17
Let g(d) = -8*d**3 - 4*d**2 - 4*d - 5. Let r(x) = x**2 - 5*x + 4. Let w be r(3). Let k be g(w). What is the greatest common factor of 561 and k?
51
Suppose 7886 = 5*m + 3*n - 37513, -17*m + 154332 = 2*n. What is the highest common factor of m and 178?
178
Suppose -2*b = -3*b + 96. Let t be 2 - (4 + (3 - 10)). Suppose -t*n + 20 = 5*c - 165, -2*c = -5*n + 150. What is the greatest common divisor of n and b?
32
Let g(i) = 2*i**2 + 17*i + 5. Let c be g(-8). Let j be ((-38)/4 - -2)*12/c. What is the highest common factor of j and 570?
30
Let i(b) = -b**2 - 2*b + 49. Let y be i(-8). Let f be 10 - (y/(-5) + (-11)/(-55)). What is the greatest common factor of f and 50?
10
Suppose -12*k = 8*k - 4400. Let d be k/22*((-4)/10)/(-1). Calculate the greatest common factor of 8 and d.
4
Suppose -152 = -4*l - 592. Suppose 4*q + 3*z = -810, 0*q + 2*z = 3*q + 599. Let m = l - q. What is the highest common divisor of 13 and m?
13
Let y be (-1)/(471/(-156) - -3). Suppose 0 = -121*u + 123*u. Let g be 1 + u + (0 - -132) + -3. Calculate the highest common divisor of g and y.
26
Suppose 40*v - 44*v + 17*z = -51276, -3*z = 12. What is the greatest common factor of 296 and v?
74
Let x be 26180/(-28)*30/(-110). Calculate the greatest common factor of 165 and x.
15
Let q(m) = -m**2 + 34*m - 124. Let r be q(29). Calculate the highest common divisor of 2037 and r.
21
Suppose 12*b = -27 + 147. Calculate the highest common factor of b and 90.
10
Let j be 1 + (-2 - -110) - 1. Suppose 2*w - j = -2*w. Suppose 13*r - 7*r = 54. Calculate the greatest common factor of r and w.
9
Let d = 6534 + -5203. What is the highest common divisor of d and 22?
11
Let u be 42*((-8)/6)/(-2). Let q = -3 - -7. What is the greatest common factor of q and u?
4
Suppose -5*t + 500 = -20. Let y = -32 - -32. Suppose 5*p + y*p - h = 69, -h = 4. Calculate the greatest common divisor of t and p.
13
Suppose -1381 - 1928 - 1941 = -15*r. Calculate the highest common factor of r and 938.
14
Let r be 350/((-8)/36 - (-247)/342). Calculate the greatest common divisor of 21 and r.
7
Let f(r) = 5*r - 20. Let p be f(17). Let g = 917 - 865. What is the highest common divisor of g and p?
13
Suppose 0 = -57*i + 42*i - 15. Let l(v) = -392*v**3 + v + 1. Let g be l(i). What is the highest common factor of g and 112?
56
Let b be -4 + 36/10 - 921/(-15). Let o = 61 - b. Let j(q) = -q**2 - 7*q + 12. Let m be j(o). What is the highest common factor of m and 36?
12
Let b be 243502/462 - (4/66)/1. Calculate the highest common divisor of b and 1147.
31
Let i be (1 + -1)/(12 - 4 - 7). Suppose -14*b = -19*b - 3*t + 303, -b - 2*t + 62 = i. Calculate the highest common factor of 140 and b.
20
Let p be (-12)/30 + (-116)/10. Let r be (2 - 88/p)*9/6. Calculate the greatest common factor of 14 and r.
14
Let b(x) = -27*x - 114. Let p be b(-7). Suppose -12*a + 16*a = -3*o + p, -86 = -5*a + 4*o. What is the greatest common divisor of a and 9?
9
Suppose -1 = 3*q - 97. Suppose -5*l - 11*n - 2620 = -7*n, -5*n + 25 = 0. Let w be (l/220)/(1/(-120)*1). What is the highest common factor of q and w?
32
Suppose 0 = -3*t - 3*u + u - 244, 5*t - 5*u + 440 = 0. Let r = 149 + t. Let o = -9 + r. Calculate the highest common factor of o and 14.
14
Suppose n = 8*n + 1407. Let v = n + 214. Calculate the greatest common factor of 416 and v.
13
Let h = 701 + -696. Suppose h*w + 645 = -4*k + 9*k, 0 = k - 2*w - 125. Calculate the highest common divisor of k and 7.
7
Let t be ((-118)/(-10) - 11)/(5/25). Calculate the greatest common divisor of t and 1732.
4
Suppose 7*y = 5*y + 702. Let b = -344 + y. Calculate the greatest common factor of b and 21.
7
Let p(t) = t**2 - 4*t. Let s be p(11). Let c be (4 + -5 - -23)*32/(-40)*-5. Calculate the greatest common factor of c and s.
11
Let l be (8 - 3 - -334) + 0. Let q = -295 + l. Calculate the highest common divisor of 1012 and q.
44
Let u be 43/3 + (-66)/(-99). Let y(i) = 5*i - 5. Suppose 24 - 4 = 5*n. Let s be y(n). What is the highest common factor of u and s?
15
Let k be 10 - -3 - 14 - -582. What is the highest common divisor of k and 119?
7
Suppose 11134